k. Let r be q(10). Is w/5 + (-1628)/r a composite number?
False
Let y(w) = -1152*w + 1195*w - 2 + 0. Is y(3) prime?
True
Suppose 0 = -4*y - i + 15, -2*y + i - 3*i = 0. Suppose 485 = -y*p + 3420. Is p prime?
True
Let j = 5924 - 2719. Is j prime?
False
Let q(g) = -g**2 - 6*g + 4. Let a be q(-6). Suppose a = -4*n, 0*n - 2*n - 1010 = -3*c. Suppose c + 89 = 5*z. Is z prime?
False
Suppose 28632 + 3113 = 7*v. Is v a prime number?
False
Let w = -109 + 117. Is w/5 + -2 - (-137809)/35 a prime number?
False
Suppose 0*a = 4*a - 16. Suppose -y + 115 = -a*v, -3*y + 0*v + 352 = -5*v. Is y prime?
False
Let v = 47 + -37. Suppose 0 = -2*k - 3*f + 398, -2*f = v*k - 5*k - 1017. Is k prime?
False
Let m(r) = -10*r - 2 + 25*r - 9 + 4. Is m(6) a composite number?
False
Is 17 + 4904442/126 - (-1)/(-7) a composite number?
True
Let b be 101 - (-1 - (1 + -3 - 1)). Is (-18)/b + 15391/11 a composite number?
False
Suppose -17*l + 41998 = 5*l. Is l composite?
True
Let l = -3452 + 8233. Is l a prime number?
False
Let d = -69 + 105. Is (12/d)/(1/1173) prime?
False
Suppose -t = -v + 4*v, -5*v = 0. Suppose -7*u + 11*u - 8916 = t. Is u composite?
True
Suppose 6*c - 17*c + 42713 = 0. Is c a composite number?
True
Suppose 2*l + 202*c - 36107 = 201*c, 4*l - c - 72211 = 0. Is l composite?
True
Let k(j) = -45*j + 24. Let a be k(-10). Let t = a + -95. Is t composite?
False
Suppose -5*o + 20571 = -0*g - 4*g, 3*o + 4*g - 12317 = 0. Is o prime?
True
Suppose 4*y + 0 = 12. Let t(l) = -10*l - 3. Let n(b) = -10*b - 4. Let p(k) = -4*n(k) + 3*t(k). Is p(y) a prime number?
True
Suppose 0 = t - 5*t + 8. Suppose -2*r = -2*a - 386, t*a = -r - 2*a + 198. Suppose -3*q + 899 - r = 0. Is q a composite number?
True
Let y = 13 - 21. Let k be 46*((y - -4) + 5). Let u = 165 - k. Is u a composite number?
True
Let d = 4 + 7. Suppose -i = -2 + 5, -w + 2*i + d = 0. Suppose -n + 582 = w*a + 14, a - 588 = -n. Is n a prime number?
True
Let p be 0 + (-9)/((-45)/40). Suppose 5*j = p*j - 1599. Is j prime?
False
Let f(x) = -56*x**2 - 3*x + 8. Let d(l) = -19*l**2 - l + 3. Let k(j) = 11*d(j) - 4*f(j). Let w(b) = b + 7. Let q be w(-8). Is k(q) a composite number?
True
Let l be (-14)/(-6) - (-28)/42. Suppose -l*c = -4*c + 1259. Is c composite?
False
Suppose 2*t + 6824 = 10*t. Is t prime?
True
Let a(r) = -118*r**3 + r**2 + 2*r + 1. Let d be a(-1). Suppose w + 1300 = d. Let x = w - -1901. Is x prime?
True
Suppose -5*r = -2*r - 24. Suppose 0 = 4*d + 2*s - 72, -2*d + 36 = -s - r. Is 1 - 2 - (-1386 - d) a prime number?
False
Suppose -38*u - 27415 = -43*u. Is u a prime number?
True
Let w be (2346 - -2)*((-3)/(-4) + 2). Suppose -16*x + w = -5*x. Is x prime?
True
Suppose -5*q = -5*j + 85, 2*q - 4 = -j + 16. Let w be j/45 + 2703/5. Suppose 6*x - 137 = w. Is x prime?
True
Let c = 51 + -39. Let d(n) = 20*n + 11. Is d(c) a prime number?
True
Let l(a) = -11*a**2 - 4*a - 3. Let b be l(-1). Let i(u) = u**3 + 12*u**2 - 16*u - 13. Is i(b) a composite number?
False
Is ((-34)/(-119))/(2/9926) prime?
False
Let k(c) be the second derivative of 5*c**4/12 - c**3/6 + 7*c**2/2 - 29*c. Let x(f) = -f**2 + 4*f - 2. Let n be x(5). Is k(n) a prime number?
False
Suppose 10*d - 14121 = -17*d. Is d prime?
True
Is 6/(-9)*653085/(-30) prime?
False
Is ((-70)/(-20) + -4)/((-2)/79364) prime?
True
Suppose -461 = 2*j - 4*d - 1251, 3*j - 1209 = -2*d. Let o = 1186 - j. Is o composite?
True
Let p = 191 + 28. Is p prime?
False
Let b(p) = -57*p - 3. Let l be b(5). Let n = l + 487. Is n composite?
False
Let x(l) = 4*l - 5 - 3*l + 2*l + 2*l**3 + 21*l**2 + 9*l. Let m(o) = -o**3 - 11*o**2 - 6*o + 3. Let d(z) = 7*m(z) + 4*x(z). Is d(-4) prime?
False
Let w(z) = z**3 - 7*z**2 + 5*z + 3. Let q be w(6). Let g be (-2)/((-7)/q - 3). Is (13/g)/((-4)/(-24)) prime?
False
Suppose 50 - 15 = 7*c. Is 9/((-45)/(-980)) - c a composite number?
False
Suppose j + 13 = 1. Let o be 9/6 + j/8. Suppose o = -7*t + 323 + 335. Is t a composite number?
True
Let d(j) = 45*j**2 + 3*j. Let p(o) = -44*o**2 - 2*o - 1. Let n(z) = -4*d(z) - 5*p(z). Is n(3) prime?
True
Suppose 29*w - 24*w - 75385 = 0. Is w a composite number?
False
Let i(g) = -g**2 - g + 9. Let q be i(-6). Let w = q + 23. Suppose -w*b + 82 = -36. Is b a composite number?
False
Suppose -16*d + 12*d = -708. Suppose 6*v - d = 3*v. Is v a prime number?
True
Let s = 6609 - 2518. Is s prime?
True
Let z(f) = f**2 - 8*f + 15. Let n be z(8). Let c(o) = o**3 - 13*o**2 - 15*o - 8. Is c(n) composite?
True
Let h(n) = 149*n + 12. Let u be (56/(-6))/(-4)*12. Suppose -5*f + u = -f. Is h(f) prime?
False
Let z(j) be the third derivative of 77*j**4/8 - 2*j**3/3 + 4*j**2. Let y be z(-2). Let s = 1585 - y. Is s a prime number?
False
Let v(f) = f**3 - 6*f**2 - f + 2. Let h be v(6). Let n be 18/h*(-12)/18. Suppose -2*s + 2*q = -32, -n*q = -7*q - 8. Is s prime?
False
Suppose -1025695 = -0*n + 11*n. Is n/(-68) + (2 - 3)/4 composite?
True
Suppose 5*u - 4*u = 4*x + 17767, -u = -2*x - 17775. Is u a composite number?
False
Suppose -4*m + 4 = 0, -m = -4*h - 4*m + 78143. Is h prime?
False
Let k be 4/(-10) - (-42768)/(-55). Let t = 2013 - k. Suppose -4*g = -0*g + a - t, 0 = 5*g + 5*a - 3470. Is g a composite number?
True
Let w(b) = -85*b**2 + b. Let j be w(1). Let d = j + 90. Is d a prime number?
False
Let i be ((-24)/21)/(-4) + (-29961)/(-21). Suppose -5*x = -2168 - i. Is x a prime number?
True
Let y(i) = 338*i + 7. Let j be y(4). Suppose 3*z = -m + 961, -4*z = m - j + 79. Is z composite?
True
Let v be (-130 - (-4)/1)*-1. Let g = v + -70. Let m = 141 - g. Is m prime?
False
Let o = 4346 - 1675. Is o a prime number?
True
Let u(w) = -2337*w - 269. Is u(-26) a composite number?
False
Let q = 42 + -21. Is 3575/4 - q/28 a composite number?
True
Let y = -100 - -211. Is y prime?
False
Let m = 2247 - 194. Is m a prime number?
True
Let n(m) be the second derivative of m**3/3 + 9*m**2 + 8*m. Let h be n(-9). Suppose h = 2*s - 4*t - 70, 2*t - 175 = -5*s - t. Is s prime?
False
Is (-156 + -8)*(-706)/8 a composite number?
True
Suppose 8 = -2*a, -4*r - 35*a = -36*a - 5016. Is r prime?
False
Suppose 42079 + 67041 = 5*v + q, 4*v - 87297 = -q. Is v a composite number?
True
Let a be -2 + -2 - (1 - 1). Let v be ((-3)/(-9))/(a/24). Is (-6)/(4/(4/v)) a prime number?
True
Let g = 1431 + -2781. Let i = g - -2888. Is i a prime number?
False
Let f(o) = -2*o - 11. Let t be f(-8). Suppose 4*n - t*n = 16. Is (-13)/(n/14 - -1) prime?
False
Suppose u = 5*s + 9, -2*s + 55 - 10 = 5*u. Let f(q) = q**3 - 8*q**2 - 8*q - 4. Let g be f(u). Suppose -g*m + 955 = -0*m. Is m composite?
False
Suppose 2*n - 6*n + 1125 = -u, 0 = -3*u - 2*n - 3319. Let v = 2470 + u. Is v prime?
True
Is 6/(-1) + 1573 - 0 prime?
True
Suppose -2*y + 8*y - 7530 = 0. Suppose 5*z = y + 930. Is z prime?
False
Suppose 38*a = 44*a + 1524. Let p = 573 + a. Is p prime?
False
Suppose -7*o = -3*o - 5312. Suppose 2924 = 4*d - o. Suppose -1 = -b, 0 = -4*x - b - 2*b + d. Is x a composite number?
True
Suppose -2*c + 12 = -c. Suppose 3*h - 2*z = c, -z = 3*h - 5*h + 7. Is (7 + -9)*(-179)/h a prime number?
True
Let a(r) = 220*r**3 + 6*r**2 - 4*r - 1. Is a(3) a composite number?
False
Let o(y) = 2*y**2 - y - 1. Let h be o(-1). Suppose -g + 2*m = m + 39, -h*m = -10. Let a = 48 + g. Is a a prime number?
False
Let c(y) = -28*y**3 - 9*y**2 - 10*y - 54. Is c(-7) composite?
True
Let h(d) = 3*d**2 + 7*d - 2. Let f(j) = -4*j - 10. Let c be f(-4). Let r(m) = -2*m**2 - 6*m + 1. Let n(p) = c*h(p) + 7*r(p). Is n(-4) prime?
True
Let r = -49 + 53. Suppose r*h + 66 = 1742. Is h a composite number?
False
Let d(p) = 113*p**2 - 66*p + 6. Is d(-9) prime?
False
Suppose 5*n + 2*t = 71 + 99, 0 = -5*n + 5*t + 205. Suppose n = 4*v - 5*b, -3*b + 2*b - 4 = 0. Suppose -518 - 1006 = -v*r. Is r composite?
True
Suppose 2*o = -3*x + 2062, -6*x + 3103 = 3*o - 4*x. Suppose -1175 = 2*a + o. Let w = a - -1659. Is w composite?
True
Suppose 0 = 309*g - 311*g + 6518. Is g a composite number?
False
Is 0 - (-6)/12*238 a composite number?
True
Suppose 2*h + 8 = 0, -9*k + 10*k + 5*h = 15957. Is k composite?
True
Let b = -52 - -64. Is (-6830)/(-3)*b/8 a prime number?
False
Let n = 6326 - -10965. Is n a prime number?
True
Let s be (-6)/(-1 + (-4345)/(-4360)). Let c = s - 906. Is c a prime number?
False
Let g(o) = 78*o**2 - 17*o - 6. Is g(-11) prime?
True
Suppose 0 = 48*w - 46*w - 6022. Is 